mon divisor of 578 and 612?
34
Calculate the highest common divisor of 4077 and 117.
9
What is the highest common factor of 60 and 23680?
20
Calculate the greatest common divisor of 33 and 1056.
33
What is the highest common divisor of 161 and 23?
23
What is the greatest common divisor of 54 and 1278?
18
Calculate the highest common divisor of 5 and 605.
5
Calculate the greatest common factor of 192 and 4032.
192
What is the highest common factor of 767 and 59?
59
What is the greatest common factor of 9454 and 29?
29
What is the highest common factor of 340 and 160?
20
What is the highest common divisor of 368 and 24?
8
What is the greatest common factor of 147 and 196?
49
What is the greatest common divisor of 1105 and 2080?
65
Calculate the greatest common divisor of 38 and 475.
19
Calculate the highest common divisor of 1771 and 2530.
253
Calculate the greatest common divisor of 396 and 1548.
36
Calculate the greatest common divisor of 219 and 803.
73
Calculate the highest common divisor of 4 and 19.
1
Calculate the greatest common factor of 342 and 8816.
38
What is the greatest common divisor of 1048 and 8?
8
Calculate the highest common factor of 384 and 288.
96
Calculate the highest common factor of 30360 and 230.
230
Calculate the greatest common factor of 19704 and 24.
24
Calculate the greatest common factor of 4069 and 39.
13
What is the highest common divisor of 76 and 2812?
76
Calculate the greatest common divisor of 1092 and 832.
52
Calculate the highest common factor of 40 and 170.
10
Calculate the highest common divisor of 10 and 2570.
10
Calculate the greatest common factor of 12 and 75.
3
What is the highest common divisor of 15 and 125?
5
What is the highest common divisor of 11 and 1?
1
Calculate the greatest common divisor of 651 and 21.
21
What is the highest common divisor of 160 and 96?
32
What is the greatest common divisor of 4 and 288?
4
Calculate the highest common divisor of 270 and 9.
9
Calculate the highest common factor of 16 and 368.
16
What is the greatest common divisor of 184 and 34?
2
What is the highest common factor of 29256 and 828?
276
Calculate the highest common factor of 2476 and 16.
4
What is the greatest common factor of 1157 and 533?
13
What is the greatest common factor of 234 and 3942?
18
What is the highest common divisor of 17613 and 76?
19
Calculate the greatest common divisor of 3629 and 19.
19
Calculate the greatest common factor of 36 and 612.
36
What is the highest common factor of 8 and 136?
8
Calculate the highest common factor of 60 and 285.
15
Calculate the greatest common factor of 66 and 48.
6
What is the greatest common factor of 696 and 168?
24
Calculate the greatest common factor of 24 and 30.
6
What is the greatest common factor of 1008 and 16?
16
What is the highest common divisor of 120 and 1815?
15
What is the highest common divisor of 20 and 6260?
20
What is the highest common factor of 825 and 60?
15
What is the highest common factor of 513 and 27?
27
Calculate the greatest common factor of 30 and 1590.
30
What is the highest common factor of 1118 and 26?
26
Calculate the highest common factor of 405 and 675.
135
Calculate the highest common divisor of 2225 and 25.
25
Calculate the greatest common factor of 30 and 42.
6
Calculate the greatest common factor of 384 and 11712.
192
Calculate the greatest common divisor of 65 and 247.
13
Calculate the highest common factor of 161 and 138.
23
What is the greatest common factor of 154 and 22?
22
Calculate the highest common factor of 2332 and 2756.
212
What is the greatest common divisor of 2490 and 30?
30
What is the highest common divisor of 1323 and 18?
9
What is the greatest common factor of 5 and 127?
1
Calculate the highest common factor of 63 and 336.
21
Calculate the greatest common factor of 13938 and 552.
138
Calculate the greatest common factor of 315 and 35.
35
Calculate the greatest common factor of 39 and 171.
3
What is the greatest common divisor of 207 and 6?
3
What is the highest common factor of 31 and 4836?
31
Calculate the greatest common divisor of 217 and 14.
7
What is the greatest common divisor of 46 and 920?
46
What is the greatest common factor of 10 and 430?
10
What is the greatest common factor of 24 and 48?
24
What is the greatest common factor of 6312 and 24?
24
Calculate the greatest common factor of 1756 and 4.
4
Calculate the greatest common factor of 3172 and 39.
13
What is the highest common factor of 10104 and 24?
24
Calculate the greatest common factor of 76 and 40584.
76
Calculate the greatest common divisor of 15 and 120.
15
What is the greatest common divisor of 104 and 3926?
26
Calculate the greatest common factor of 95 and 19.
19
Calculate the highest common divisor of 2183 and 1147.
37
What is the highest common factor of 228 and 11058?
114
Calculate the highest common divisor of 442 and 85.
17
Calculate the greatest common factor of 40 and 2520.
40
What is the highest common factor of 63 and 1521?
9
Calculate the highest common factor of 297 and 3.
3
What is the greatest common divisor of 15841 and 651?
217
What is the greatest common factor of 130 and 44590?
130
Calculate the greatest common factor of 8 and 40.
8
What is the greatest common factor of 963 and 107?
107
What is the greatest common divisor of 68 and 41684?
68
What is the highest common factor of 10 and 1665?
5
Calculate the highest common divisor of 1512 and 4662.
126
Calculate the highest common factor of 110 and 1034.
22
Calculate the greatest common factor of 2 and 1906.
2
What is the highest common divisor of 18 and 2322?
18
What is the greatest common factor of 9558 and 486?
162
Calculate the highest common divisor of 540 and 2295.
135
What is the highest common factor of 15 and 120?
15
Calculate the highest common factor of 14045 and 10.
5
What is the greatest common factor of 8600 and 200?
200
What is the greatest common factor of 42 and 231?
21
Calculate the greatest common factor of 713 and 31.
31
Calculate the highest common factor of 35 and 252.
7
Calculate the greatest common divisor of 2114 and 98.
14
What is the greatest common factor of 4371 and 282?
141
What is the highest common factor of 98 and 147?
49
What is the highest common factor of 2288 and 91?
13
What is the highest common factor of 20 and 830?
10
Calculate the highest common divisor of 1118 and 32.
2
Calculate the greatest common divisor of 16 and 8336.
16
Calculate the highest common divisor of 60 and 492.
12
Calculate the highest common divisor of 9 and 15003.
9
What is the highest common factor of 10 and 530?
10
What is the highest common divisor of 32 and 2?
2
What is the greatest common factor of 190 and 100?
10
What is the highest common factor of 275 and 2?
1
Calculate the highest common divisor of 195 and 78.
39
Calculate the highest common divisor of 26 and 91.
13
What is the greatest common factor of 12 and 38748?
12
What is the greatest common divisor of 1001 and 143?
143
Calculate the highest common divisor of 40 and 695.
5
Calculate the highest common divisor of 29056 and 128.
128
What is the greatest common factor of 546 and 858?
78
Calculate the greatest common factor of 19 and 8721.
19
What is the greatest common divisor of 16 and 1784?
8
What is the highest common divisor of 24 and 128?
8
What is the greatest common factor of 28 and 644?
28
What is the highest common divisor of 60 and 390?
30
Calculate the highest common factor of 20 and 1920.
20
Calculate the highest common divisor of 120 and 105.
15
What is the highest common divisor of 96 and 408?
24
What is the highest common divisor of 27 and 93?
3
Calculate the greatest common factor of 581 and 83.
83
Calculate the greatest common factor of 2761 and 77.
11
Calculate the greatest common factor of 41 and 10.
1
Calculate the greatest common factor of 960 and 2640.
240
Calculate the highest common factor of 3 and 12.
3
What is the highest common factor of 132 and 12?
12
Calculate the highest common factor of 28 and 224.
28
Calculate the highest common divisor of 87 and 667.
29
What is the greatest common factor of 75 and 2235?
15
Calculate the greatest common factor of 29488 and 64.
16
Calculate the highest common divisor of 201 and 536.
67
What is the greatest common divisor